{"id":435,"date":"2023-06-11T19:08:59","date_gmt":"2023-06-11T19:08:59","guid":{"rendered":"http:\/\/www.bakaadvent.com\/?page_id=435"},"modified":"2023-06-11T19:19:30","modified_gmt":"2023-06-11T19:19:30","slug":"tko-je-baka-advent","status":"publish","type":"page","link":"https:\/\/www.bakaadvent.com\/index.php\/tko-je-baka-advent\/","title":{"rendered":"Tko je Baka Advent?"},"content":{"rendered":"\n<p>Baka Advent je fiktivni (izmi\u0161ljeni) lik iz pripovjetki &#8220;Pri\u010da o Baki Advent&#8221;, &#8220;Baka Advent protiv Krampusa: Bitka za nestalu djecu&#8221;, &#8220;Baka Advent protiv Grile: Kona\u010dni obra\u010dun u paklenim katakombama&#8221; i &#8220;Baka Advent protiv Boga Sa Stotinu Imena: Borba za Bo\u017ei\u0107&#8221;.<\/p>\n\n\n\n<p>Baka Advent je i \u017eena koja vas daruje \u010ditavu godinu i koja svijet u kojem \u017eivimo \u017eeli u\u010diniti ljep\u0161im mjestom. Koliko to mo\u017ee.<\/p>\n","protected":false},"excerpt":{"rendered":"<p>Baka Advent je fiktivni (izmi\u0161ljeni) lik iz pripovjetki &#8220;Pri\u010da o Baki Advent&#8221;, &#8220;Baka Advent protiv Krampusa: Bitka za nestalu djecu&#8221;, &#8220;Baka Advent protiv Grile: Kona\u010dni obra\u010dun u paklenim katakombama&#8221; i &#8220;Baka Advent protiv Boga Sa&#8230;<\/p>\n","protected":false},"author":1,"featured_media":275,"parent":0,"menu_order":0,"comment_status":"closed","ping_status":"closed","template":"","meta":{"footnotes":""},"class_list":["post-435","page","type-page","status-publish","has-post-thumbnail","hentry"],"_links":{"self":[{"href":"https:\/\/www.bakaadvent.com\/index.php\/wp-json\/wp\/v2\/pages\/435","targetHints":{"allow":["GET"]}}],"collection":[{"href":"https:\/\/www.bakaadvent.com\/index.php\/wp-json\/wp\/v2\/pages"}],"about":[{"href":"https:\/\/www.bakaadvent.com\/index.php\/wp-json\/wp\/v2\/types\/page"}],"author":[{"embeddable":true,"href":"https:\/\/www.bakaadvent.com\/index.php\/wp-json\/wp\/v2\/users\/1"}],"replies":[{"embeddable":true,"href":"https:\/\/www.bakaadvent.com\/index.php\/wp-json\/wp\/v2\/comments?post=435"}],"version-history":[{"count":2,"href":"https:\/\/www.bakaadvent.com\/index.php\/wp-json\/wp\/v2\/pages\/435\/revisions"}],"predecessor-version":[{"id":438,"href":"https:\/\/www.bakaadvent.com\/index.php\/wp-json\/wp\/v2\/pages\/435\/revisions\/438"}],"wp:featuredmedia":[{"embeddable":true,"href":"https:\/\/www.bakaadvent.com\/index.php\/wp-json\/wp\/v2\/media\/275"}],"wp:attachment":[{"href":"https:\/\/www.bakaadvent.com\/index.php\/wp-json\/wp\/v2\/media?parent=435"}],"curies":[{"name":"wp","href":"https:\/\/api.w.org\/{rel}","templated":true}]}}